{"id":101,"date":"2017-05-09T19:32:29","date_gmt":"2017-05-09T17:32:29","guid":{"rendered":"http:\/\/www.spolekbos.cz\/calendar\/"},"modified":"2023-04-15T16:21:36","modified_gmt":"2023-04-15T14:21:36","slug":"calendar","status":"publish","type":"page","link":"https:\/\/www.spolekbos.cz\/?page_id=101","title":{"rendered":"Kalend\u00e1\u0159"},"content":{"rendered":"<!--CusAds0-->\n<div style=\"font-size: 0px; height: 0px; line-height: 0px; margin: 0; padding: 0; clear: both;\"><\/div>","protected":false},"excerpt":{"rendered":"","protected":false},"author":2,"featured_media":798,"parent":0,"menu_order":0,"comment_status":"closed","ping_status":"closed","template":"","meta":{"footnotes":""},"class_list":["post-101","page","type-page","status-publish","has-post-thumbnail","hentry"],"yoast_head":"<!-- This site is optimized with the Yoast SEO plugin v27.3 - https:\/\/yoast.com\/product\/yoast-seo-wordpress\/ -->\n<title>Kalend\u00e1\u0159 - Spolek Bolebo\u0159, Oras\u00edn, Svahov\u00e1<\/title>\n<meta name=\"robots\" content=\"index, follow, max-snippet:-1, max-image-preview:large, max-video-preview:-1\" \/>\n<link rel=\"canonical\" href=\"https:\/\/www.spolekbos.cz\/?page_id=101\" \/>\n<meta property=\"og:locale\" content=\"cs_CZ\" \/>\n<meta property=\"og:type\" content=\"article\" \/>\n<meta property=\"og:title\" content=\"Kalend\u00e1\u0159 - Spolek Bolebo\u0159, Oras\u00edn, Svahov\u00e1\" \/>\n<meta property=\"og:url\" content=\"https:\/\/www.spolekbos.cz\/?page_id=101\" \/>\n<meta property=\"og:site_name\" content=\"Spolek Bolebo\u0159, Oras\u00edn, Svahov\u00e1\" \/>\n<meta property=\"article:modified_time\" content=\"2023-04-15T14:21:36+00:00\" \/>\n<meta property=\"og:image\" content=\"https:\/\/www.spolekbos.cz\/wp-content\/uploads\/2019\/10\/START.jpg\" \/>\n\t<meta property=\"og:image:width\" content=\"920\" \/>\n\t<meta property=\"og:image:height\" content=\"690\" \/>\n\t<meta property=\"og:image:type\" content=\"image\/jpeg\" \/>\n<meta name=\"twitter:card\" content=\"summary_large_image\" \/>\n<script type=\"application\/ld+json\" class=\"yoast-schema-graph\">{\"@context\":\"https:\\\/\\\/schema.org\",\"@graph\":[{\"@type\":\"WebPage\",\"@id\":\"https:\\\/\\\/www.spolekbos.cz\\\/?page_id=101\",\"url\":\"https:\\\/\\\/www.spolekbos.cz\\\/?page_id=101\",\"name\":\"Kalend\u00e1\u0159 - Spolek Bolebo\u0159, Oras\u00edn, Svahov\u00e1\",\"isPartOf\":{\"@id\":\"https:\\\/\\\/www.spolekbos.cz\\\/#website\"},\"primaryImageOfPage\":{\"@id\":\"https:\\\/\\\/www.spolekbos.cz\\\/?page_id=101#primaryimage\"},\"image\":{\"@id\":\"https:\\\/\\\/www.spolekbos.cz\\\/?page_id=101#primaryimage\"},\"thumbnailUrl\":\"https:\\\/\\\/www.spolekbos.cz\\\/wp-content\\\/uploads\\\/2019\\\/10\\\/START.jpg\",\"datePublished\":\"2017-05-09T17:32:29+00:00\",\"dateModified\":\"2023-04-15T14:21:36+00:00\",\"breadcrumb\":{\"@id\":\"https:\\\/\\\/www.spolekbos.cz\\\/?page_id=101#breadcrumb\"},\"inLanguage\":\"cs\",\"potentialAction\":[{\"@type\":\"ReadAction\",\"target\":[\"https:\\\/\\\/www.spolekbos.cz\\\/?page_id=101\"]}]},{\"@type\":\"ImageObject\",\"inLanguage\":\"cs\",\"@id\":\"https:\\\/\\\/www.spolekbos.cz\\\/?page_id=101#primaryimage\",\"url\":\"https:\\\/\\\/www.spolekbos.cz\\\/wp-content\\\/uploads\\\/2019\\\/10\\\/START.jpg\",\"contentUrl\":\"https:\\\/\\\/www.spolekbos.cz\\\/wp-content\\\/uploads\\\/2019\\\/10\\\/START.jpg\",\"width\":920,\"height\":690},{\"@type\":\"BreadcrumbList\",\"@id\":\"https:\\\/\\\/www.spolekbos.cz\\\/?page_id=101#breadcrumb\",\"itemListElement\":[{\"@type\":\"ListItem\",\"position\":1,\"name\":\"Home\",\"item\":\"https:\\\/\\\/www.spolekbos.cz\\\/\"},{\"@type\":\"ListItem\",\"position\":2,\"name\":\"Kalend\u00e1\u0159\"}]},{\"@type\":\"WebSite\",\"@id\":\"https:\\\/\\\/www.spolekbos.cz\\\/#website\",\"url\":\"https:\\\/\\\/www.spolekbos.cz\\\/\",\"name\":\"Spolek Bolebo\u0159, Oras\u00edn, Svahov\u00e1\",\"description\":\"Poj\u010fte s n\u00e1mi tvo\u0159it dobr\u00fd sv\u011bt\",\"potentialAction\":[{\"@type\":\"SearchAction\",\"target\":{\"@type\":\"EntryPoint\",\"urlTemplate\":\"https:\\\/\\\/www.spolekbos.cz\\\/?s={search_term_string}\"},\"query-input\":{\"@type\":\"PropertyValueSpecification\",\"valueRequired\":true,\"valueName\":\"search_term_string\"}}],\"inLanguage\":\"cs\"}]}<\/script>\n<!-- \/ Yoast SEO plugin. -->","yoast_head_json":{"title":"Kalend\u00e1\u0159 - Spolek Bolebo\u0159, Oras\u00edn, Svahov\u00e1","robots":{"index":"index","follow":"follow","max-snippet":"max-snippet:-1","max-image-preview":"max-image-preview:large","max-video-preview":"max-video-preview:-1"},"canonical":"https:\/\/www.spolekbos.cz\/?page_id=101","og_locale":"cs_CZ","og_type":"article","og_title":"Kalend\u00e1\u0159 - Spolek Bolebo\u0159, Oras\u00edn, Svahov\u00e1","og_url":"https:\/\/www.spolekbos.cz\/?page_id=101","og_site_name":"Spolek Bolebo\u0159, Oras\u00edn, Svahov\u00e1","article_modified_time":"2023-04-15T14:21:36+00:00","og_image":[{"width":920,"height":690,"url":"https:\/\/www.spolekbos.cz\/wp-content\/uploads\/2019\/10\/START.jpg","type":"image\/jpeg"}],"twitter_card":"summary_large_image","schema":{"@context":"https:\/\/schema.org","@graph":[{"@type":"WebPage","@id":"https:\/\/www.spolekbos.cz\/?page_id=101","url":"https:\/\/www.spolekbos.cz\/?page_id=101","name":"Kalend\u00e1\u0159 - Spolek Bolebo\u0159, Oras\u00edn, Svahov\u00e1","isPartOf":{"@id":"https:\/\/www.spolekbos.cz\/#website"},"primaryImageOfPage":{"@id":"https:\/\/www.spolekbos.cz\/?page_id=101#primaryimage"},"image":{"@id":"https:\/\/www.spolekbos.cz\/?page_id=101#primaryimage"},"thumbnailUrl":"https:\/\/www.spolekbos.cz\/wp-content\/uploads\/2019\/10\/START.jpg","datePublished":"2017-05-09T17:32:29+00:00","dateModified":"2023-04-15T14:21:36+00:00","breadcrumb":{"@id":"https:\/\/www.spolekbos.cz\/?page_id=101#breadcrumb"},"inLanguage":"cs","potentialAction":[{"@type":"ReadAction","target":["https:\/\/www.spolekbos.cz\/?page_id=101"]}]},{"@type":"ImageObject","inLanguage":"cs","@id":"https:\/\/www.spolekbos.cz\/?page_id=101#primaryimage","url":"https:\/\/www.spolekbos.cz\/wp-content\/uploads\/2019\/10\/START.jpg","contentUrl":"https:\/\/www.spolekbos.cz\/wp-content\/uploads\/2019\/10\/START.jpg","width":920,"height":690},{"@type":"BreadcrumbList","@id":"https:\/\/www.spolekbos.cz\/?page_id=101#breadcrumb","itemListElement":[{"@type":"ListItem","position":1,"name":"Home","item":"https:\/\/www.spolekbos.cz\/"},{"@type":"ListItem","position":2,"name":"Kalend\u00e1\u0159"}]},{"@type":"WebSite","@id":"https:\/\/www.spolekbos.cz\/#website","url":"https:\/\/www.spolekbos.cz\/","name":"Spolek Bolebo\u0159, Oras\u00edn, Svahov\u00e1","description":"Poj\u010fte s n\u00e1mi tvo\u0159it dobr\u00fd sv\u011bt","potentialAction":[{"@type":"SearchAction","target":{"@type":"EntryPoint","urlTemplate":"https:\/\/www.spolekbos.cz\/?s={search_term_string}"},"query-input":{"@type":"PropertyValueSpecification","valueRequired":true,"valueName":"search_term_string"}}],"inLanguage":"cs"}]}},"_links":{"self":[{"href":"https:\/\/www.spolekbos.cz\/index.php?rest_route=\/wp\/v2\/pages\/101","targetHints":{"allow":["GET"]}}],"collection":[{"href":"https:\/\/www.spolekbos.cz\/index.php?rest_route=\/wp\/v2\/pages"}],"about":[{"href":"https:\/\/www.spolekbos.cz\/index.php?rest_route=\/wp\/v2\/types\/page"}],"author":[{"embeddable":true,"href":"https:\/\/www.spolekbos.cz\/index.php?rest_route=\/wp\/v2\/users\/2"}],"replies":[{"embeddable":true,"href":"https:\/\/www.spolekbos.cz\/index.php?rest_route=%2Fwp%2Fv2%2Fcomments&post=101"}],"version-history":[{"count":7,"href":"https:\/\/www.spolekbos.cz\/index.php?rest_route=\/wp\/v2\/pages\/101\/revisions"}],"predecessor-version":[{"id":1499,"href":"https:\/\/www.spolekbos.cz\/index.php?rest_route=\/wp\/v2\/pages\/101\/revisions\/1499"}],"wp:featuredmedia":[{"embeddable":true,"href":"https:\/\/www.spolekbos.cz\/index.php?rest_route=\/wp\/v2\/media\/798"}],"wp:attachment":[{"href":"https:\/\/www.spolekbos.cz\/index.php?rest_route=%2Fwp%2Fv2%2Fmedia&parent=101"}],"curies":[{"name":"wp","href":"https:\/\/api.w.org\/{rel}","templated":true}]}}